{"id":11,"date":"2019-01-29T21:33:11","date_gmt":"2019-01-29T21:33:11","guid":{"rendered":"http:\/\/hkessen.com\/?page_id=11"},"modified":"2019-01-31T16:51:07","modified_gmt":"2019-01-31T16:51:07","slug":"spieltechnik-allgemein","status":"publish","type":"page","link":"https:\/\/hkessen.de\/?page_id=11","title":{"rendered":"Spieltechnik allgemein"},"content":{"rendered":"\n<p>Auf den folgenden Unterseiten k\u00f6nnen die spezifischen Erl\u00e4uterungen zur Durchf\u00fchrung von Spielen auf Wettkampfebene f\u00fcr den Senioren- sowie Jugendbereich eingesehen werden.<\/p>\n\n\n\n<p>Neben den klassischen Durchf\u00fchrungsbestimmungen und Rahmenspielpl\u00e4nen, sind im Bereich der Jugend zus\u00e4tzlich die Anforderungen f\u00fcr die sogenannten Vielseitigkeitswettbewerbe hinterlegt.<\/p>\n\n\n\n<p>Unter dem letzten Men\u00fcpunkt sind die aktuellen Richtlinien des Landesverbandes sowie des DHB hinterlegt.<\/p>\n\n\n\n<p>Hier geht es zu &#8230;<\/p>\n\n\n\n<p><a href=\"https:\/\/hkessen.de\/?page_id=53\">&#8230; den Unterlagen der Senioren<\/a><\/p>\n\n\n\n<p><a href=\"https:\/\/hkessen.de\/?page_id=54\">&#8230; den Unterlagen der Jugend<\/a><\/p>\n\n\n\n<p><a href=\"https:\/\/hkessen.de\/?page_id=94\">&#8230; den \u00fcbergeordneten Unterlagen<\/a><br><\/p>\n","protected":false},"excerpt":{"rendered":"<p>Auf den folgenden Unterseiten k\u00f6nnen die spezifischen Erl\u00e4uterungen zur Durchf\u00fchrung von Spielen auf Wettkampfebene f\u00fcr den Senioren- sowie Jugendbereich eingesehen werden. Neben den klassischen Durchf\u00fchrungsbestimmungen und Rahmenspielpl\u00e4nen, sind im Bereich [&hellip;]<\/p>\n","protected":false},"author":1,"featured_media":0,"parent":0,"menu_order":0,"comment_status":"closed","ping_status":"closed","template":"","meta":{"footnotes":""},"class_list":["post-11","page","type-page","status-publish","hentry"],"_links":{"self":[{"href":"https:\/\/hkessen.de\/index.php?rest_route=\/wp\/v2\/pages\/11","targetHints":{"allow":["GET"]}}],"collection":[{"href":"https:\/\/hkessen.de\/index.php?rest_route=\/wp\/v2\/pages"}],"about":[{"href":"https:\/\/hkessen.de\/index.php?rest_route=\/wp\/v2\/types\/page"}],"author":[{"embeddable":true,"href":"https:\/\/hkessen.de\/index.php?rest_route=\/wp\/v2\/users\/1"}],"replies":[{"embeddable":true,"href":"https:\/\/hkessen.de\/index.php?rest_route=%2Fwp%2Fv2%2Fcomments&post=11"}],"version-history":[{"count":4,"href":"https:\/\/hkessen.de\/index.php?rest_route=\/wp\/v2\/pages\/11\/revisions"}],"predecessor-version":[{"id":320,"href":"https:\/\/hkessen.de\/index.php?rest_route=\/wp\/v2\/pages\/11\/revisions\/320"}],"wp:attachment":[{"href":"https:\/\/hkessen.de\/index.php?rest_route=%2Fwp%2Fv2%2Fmedia&parent=11"}],"curies":[{"name":"wp","href":"https:\/\/api.w.org\/{rel}","templated":true}]}}